{"id":114,"date":"2021-08-04T15:23:06","date_gmt":"2021-08-04T15:23:06","guid":{"rendered":"https:\/\/www.byjoseraffo.com\/?page_id=114"},"modified":"2025-03-01T19:29:52","modified_gmt":"2025-03-01T18:29:52","slug":"servicios","status":"publish","type":"page","link":"https:\/\/www.byjoseraffo.com\/index.php\/servicios\/","title":{"rendered":"Servicios"},"content":{"rendered":"<p>[et_pb_section fb_built=\u00bb1&#8243; admin_label=\u00bbServices\u00bb _builder_version=\u00bb4.16&#8243; background_size=\u00bbinitial\u00bb background_repeat=\u00bbrepeat\u00bb custom_padding=\u00bb||0px|||\u00bb top_divider_style=\u00bbarrow3&#8243; top_divider_color=\u00bbrgba(244,242,239,0.64)\u00bb top_divider_height=\u00bb70%\u00bb top_divider_repeat=\u00bb4x\u00bb top_divider_height_tablet=\u00bb200px\u00bb top_divider_height_phone=\u00bb120px\u00bb top_divider_height_last_edited=\u00bbon|phone\u00bb global_colors_info=\u00bb{}\u00bb][et_pb_row admin_label=\u00bbServices Title\u00bb _builder_version=\u00bb4.16&#8243; global_colors_info=\u00bb{}\u00bb][et_pb_column type=\u00bb4_4&#8243; _builder_version=\u00bb4.16&#8243; custom_padding=\u00bb|||\u00bb global_colors_info=\u00bb{}\u00bb custom_padding__hover=\u00bb|||\u00bb][et_pb_text admin_label=\u00bbSubtitle\u00bb _builder_version=\u00bb4.22.2&#8243; text_font=\u00bb||||||||\u00bb text_text_color=\u00bb#EDF000&#8243; header_font=\u00bb||||||||\u00bb header_4_font=\u00bbPoppins|600||on|||||\u00bb header_4_text_color=\u00bb#0072c9&#8243; header_4_font_size=\u00bb50px\u00bb header_4_letter_spacing=\u00bb5px\u00bb header_4_line_height=\u00bb1.4em\u00bb transform_scale_tablet=\u00bb\u00bb transform_scale_phone=\u00bb\u00bb transform_scale_last_edited=\u00bbon|desktop\u00bb transform_translate_tablet=\u00bb\u00bb transform_translate_phone=\u00bb\u00bb transform_translate_last_edited=\u00bbon|desktop\u00bb transform_rotate_tablet=\u00bb\u00bb transform_rotate_phone=\u00bb\u00bb transform_rotate_last_edited=\u00bbon|desktop\u00bb transform_skew_tablet=\u00bb\u00bb transform_skew_phone=\u00bb\u00bb transform_skew_last_edited=\u00bbon|desktop\u00bb transform_origin_tablet=\u00bb\u00bb transform_origin_phone=\u00bb\u00bb transform_origin_last_edited=\u00bbon|desktop\u00bb transform_styles_last_edited=\u00bbon|desktop\u00bb text_orientation=\u00bbcenter\u00bb module_alignment=\u00bbcenter\u00bb custom_margin=\u00bb-41px||0px|||\u00bb animation_style=\u00bbslide\u00bb animation_direction=\u00bbtop\u00bb animation_intensity_slide=\u00bb10%\u00bb animation_starting_opacity=\u00bb100%\u00bb header_4_font_size_tablet=\u00bb15px\u00bb header_4_font_size_phone=\u00bb50px\u00bb header_4_font_size_last_edited=\u00bbon|phone\u00bb transform_styles_tablet=\u00bb\u00bb transform_styles_phone=\u00bb\u00bb header_4_text_shadow_style=\u00bbpreset2&#8243; global_colors_info=\u00bb{}\u00bb]<\/p>\n<h4>Servicios<\/h4>\n<p>[\/et_pb_text][et_pb_image src=\u00bbhttps:\/\/www.byjoseraffo.com\/wp-content\/uploads\/2021\/07\/barber-icon-5-1.png\u00bb align=\u00bbcenter\u00bb _builder_version=\u00bb4.16&#8243; global_colors_info=\u00bb{}\u00bb][\/et_pb_image][et_pb_divider color=\u00bb#0C71C3&#8243; divider_style=\u00bbridge\u00bb divider_position=\u00bbcenter\u00bb divider_weight=\u00bb3px\u00bb _builder_version=\u00bb4.22.2&#8243; background_color=\u00bbRGBA(255,255,255,0)\u00bb transform_scale=\u00bb155%|155%\u00bb max_width=\u00bb30px\u00bb module_alignment=\u00bbcenter\u00bb custom_margin=\u00bb||10px|\u00bb animation_style=\u00bbslide\u00bb animation_direction=\u00bbtop\u00bb animation_intensity_slide=\u00bb10%\u00bb animation_starting_opacity=\u00bb100%\u00bb global_colors_info=\u00bb{}\u00bb][\/et_pb_divider][et_pb_text admin_label=\u00bbTitle\u00bb _builder_version=\u00bb4.16&#8243; text_font=\u00bb||||||||\u00bb header_font=\u00bbAbel||||||||\u00bb header_2_font=\u00bbContrail One|500|||||||\u00bb header_2_font_size=\u00bb36px\u00bb header_2_line_height=\u00bb1.4em\u00bb text_orientation=\u00bbcenter\u00bb custom_margin=\u00bb||-31px|||\u00bb animation_style=\u00bbfold\u00bb animation_direction=\u00bbbottom\u00bb animation_intensity_fold=\u00bb10%\u00bb animation_starting_opacity=\u00bb100%\u00bb header_2_font_size_tablet=\u00bb28px\u00bb header_2_font_size_phone=\u00bb22px\u00bb header_2_font_size_last_edited=\u00bbon|phone\u00bb global_colors_info=\u00bb{}\u00bb header_2_2_font_size_tablet=\u00bb28px\u00bb header_3_2_font_size_tablet=\u00bb28px\u00bb header_4_2_font_size_tablet=\u00bb28px\u00bb header_5_2_font_size_tablet=\u00bb28px\u00bb header_6_2_font_size_tablet=\u00bb28px\u00bb header_2_2_font_size_phone=\u00bb22px\u00bb header_3_2_font_size_phone=\u00bb22px\u00bb header_4_2_font_size_phone=\u00bb22px\u00bb header_5_2_font_size_phone=\u00bb22px\u00bb header_6_2_font_size_phone=\u00bb22px\u00bb header_2_2_font_size_last_edited=\u00bbon|phone\u00bb header_3_2_font_size_last_edited=\u00bbon|phone\u00bb header_4_2_font_size_last_edited=\u00bbon|phone\u00bb header_5_2_font_size_last_edited=\u00bbon|phone\u00bb header_6_2_font_size_last_edited=\u00bbon|phone\u00bb]<\/p>\n<h2>Lo que ofrecemos&#8230;<\/h2>\n<p>[\/et_pb_text][\/et_pb_column][\/et_pb_row][\/et_pb_section][et_pb_section fb_built=\u00bb1&#8243; _builder_version=\u00bb4.22.2&#8243; _module_preset=\u00bbdefault\u00bb global_colors_info=\u00bb{}\u00bb][et_pb_row _builder_version=\u00bb4.22.2&#8243; _module_preset=\u00bbdefault\u00bb global_colors_info=\u00bb{}\u00bb][et_pb_column type=\u00bb4_4&#8243; _builder_version=\u00bb4.22.2&#8243; _module_preset=\u00bbdefault\u00bb global_colors_info=\u00bb{}\u00bb][et_pb_image src=\u00bbhttps:\/\/www.byjoseraffo.com\/wp-content\/uploads\/2025\/03\/3d9e556f-ac80-491a-847e-dbe47f0733be-1.jpeg\u00bb title_text=\u00bbGris Blanco Tira C\u00f3mica 1 Vi\u00f1eta Horizontal C\u00f3mic\u00bb _builder_version=\u00bb4.27.4&#8243; _module_preset=\u00bbdefault\u00bb transform_scale_tablet=\u00bb\u00bb transform_scale_phone=\u00bb125%|125%\u00bb transform_scale_last_edited=\u00bbon|phone\u00bb transform_translate_tablet=\u00bb\u00bb transform_translate_phone=\u00bb\u00bb transform_translate_last_edited=\u00bbon|desktop\u00bb transform_rotate_tablet=\u00bb\u00bb transform_rotate_phone=\u00bb\u00bb transform_rotate_last_edited=\u00bbon|desktop\u00bb transform_skew_tablet=\u00bb\u00bb transform_skew_phone=\u00bb\u00bb transform_skew_last_edited=\u00bbon|desktop\u00bb transform_origin_tablet=\u00bb\u00bb transform_origin_phone=\u00bb\u00bb transform_origin_last_edited=\u00bbon|desktop\u00bb transform_styles_last_edited=\u00bbon|phone\u00bb hover_enabled=\u00bb0&#8243; transform_styles_tablet=\u00bb\u00bb transform_styles_phone=\u00bb\u00bb global_colors_info=\u00bb{}\u00bb sticky_enabled=\u00bb0&#8243;][\/et_pb_image][\/et_pb_column][\/et_pb_row][\/et_pb_section][et_pb_section fb_built=\u00bb1&#8243; _builder_version=\u00bb4.22.2&#8243; _module_preset=\u00bbdefault\u00bb custom_padding=\u00bb0px|||||\u00bb top_divider_style=\u00bbcurve2&#8243; top_divider_color=\u00bbRGBA(255,255,255,0)\u00bb top_divider_height=\u00bb87px\u00bb bottom_divider_color=\u00bb#E02B20&#8243; global_colors_info=\u00bb{}\u00bb][et_pb_row _builder_version=\u00bb4.16&#8243; _module_preset=\u00bbdefault\u00bb custom_margin=\u00bb79px|auto||auto||\u00bb global_colors_info=\u00bb{}\u00bb][et_pb_column type=\u00bb4_4&#8243; _builder_version=\u00bb4.16&#8243; _module_preset=\u00bbdefault\u00bb global_colors_info=\u00bb{}\u00bb][et_pb_button button_text=\u00bbPROMOCI\u00d3N ESPECIAL\u00bb button_alignment=\u00bbcenter\u00bb _builder_version=\u00bb4.22.2&#8243; _module_preset=\u00bbdefault\u00bb custom_button=\u00bbon\u00bb button_text_size=\u00bb21px\u00bb button_text_color=\u00bb#E02B20&#8243; button_border_width=\u00bb5px\u00bb button_font=\u00bb||||||||\u00bb button_use_icon=\u00bboff\u00bb animation_style=\u00bbfade\u00bb global_colors_info=\u00bb{}\u00bb][\/et_pb_button][et_pb_text _builder_version=\u00bb4.16&#8243; _module_preset=\u00bbdefault\u00bb text_font=\u00bbArmata||||||||\u00bb animation_style=\u00bbbounce\u00bb text_text_shadow_style=\u00bbpreset1&#8243; global_colors_info=\u00bb{}\u00bb]<\/p>\n<h4 style=\"text-align: center;\">Hazte\u00a0 cliente<strong> PREMIUN<\/strong> reservando tu cita cada semana para disfrutar de nuestras grandes promociones<\/h4>\n<h4 style=\"text-align: center;\"><\/h4>\n<h4 style=\"text-align: center;\"><\/h4>\n<h4 style=\"text-align: center;\"><a href=\"https:\/\/api.whatsapp.com\/send?phone=34677147271&amp;text=\">+INFORMACION<\/a><\/h4>\n<p>[\/et_pb_text][\/et_pb_column][\/et_pb_row][\/et_pb_section]<\/p>\n","protected":false},"excerpt":{"rendered":"<p>ServiciosLo que ofrecemos&#8230;Hazte\u00a0 cliente PREMIUN reservando tu cita cada semana para disfrutar de nuestras grandes promociones +INFORMACION<\/p>\n","protected":false},"author":1,"featured_media":0,"parent":0,"menu_order":0,"comment_status":"closed","ping_status":"closed","template":"","meta":{"_et_pb_use_builder":"on","_et_pb_old_content":"","_et_gb_content_width":"","_joinchat":[],"footnotes":""},"class_list":["post-114","page","type-page","status-publish","hentry"],"yoast_head":"<!-- This site is optimized with the Yoast SEO plugin v26.0 - https:\/\/yoast.com\/wordpress\/plugins\/seo\/ -->\n<title>Servicios - Nuestros Servicios \ud83d\udc4d<\/title>\n<meta name=\"description\" content=\"Te ofrecemos diferentes servicios en Huelva para encontrar la mejor versi\u00f3n de ti, te ofrecemos una experiencia exclusiva\" \/>\n<meta name=\"robots\" content=\"index, follow, max-snippet:-1, max-image-preview:large, max-video-preview:-1\" \/>\n<link rel=\"canonical\" href=\"https:\/\/www.byjoseraffo.com\/index.php\/servicios\/\" \/>\n<meta property=\"og:locale\" content=\"es_ES\" \/>\n<meta property=\"og:type\" content=\"article\" \/>\n<meta property=\"og:title\" content=\"Servicios - Nuestros Servicios \ud83d\udc4d\" \/>\n<meta property=\"og:description\" content=\"Te ofrecemos diferentes servicios en Huelva para encontrar la mejor versi\u00f3n de ti, te ofrecemos una experiencia exclusiva\" \/>\n<meta property=\"og:url\" content=\"https:\/\/www.byjoseraffo.com\/index.php\/servicios\/\" \/>\n<meta property=\"og:site_name\" content=\"byjoseraffo\" \/>\n<meta property=\"article:modified_time\" content=\"2025-03-01T18:29:52+00:00\" \/>\n<meta name=\"twitter:card\" content=\"summary_large_image\" \/>\n<meta name=\"twitter:label1\" content=\"Tiempo de lectura\" \/>\n\t<meta name=\"twitter:data1\" content=\"3 minutos\" \/>\n<script type=\"application\/ld+json\" class=\"yoast-schema-graph\">{\"@context\":\"https:\/\/schema.org\",\"@graph\":[{\"@type\":\"WebPage\",\"@id\":\"https:\/\/www.byjoseraffo.com\/index.php\/servicios\/\",\"url\":\"https:\/\/www.byjoseraffo.com\/index.php\/servicios\/\",\"name\":\"Servicios - Nuestros Servicios \ud83d\udc4d\",\"isPartOf\":{\"@id\":\"https:\/\/www.byjoseraffo.com\/#website\"},\"datePublished\":\"2021-08-04T15:23:06+00:00\",\"dateModified\":\"2025-03-01T18:29:52+00:00\",\"description\":\"Te ofrecemos diferentes servicios en Huelva para encontrar la mejor versi\u00f3n de ti, te ofrecemos una experiencia exclusiva\",\"breadcrumb\":{\"@id\":\"https:\/\/www.byjoseraffo.com\/index.php\/servicios\/#breadcrumb\"},\"inLanguage\":\"es\",\"potentialAction\":[{\"@type\":\"ReadAction\",\"target\":[\"https:\/\/www.byjoseraffo.com\/index.php\/servicios\/\"]}]},{\"@type\":\"BreadcrumbList\",\"@id\":\"https:\/\/www.byjoseraffo.com\/index.php\/servicios\/#breadcrumb\",\"itemListElement\":[{\"@type\":\"ListItem\",\"position\":1,\"name\":\"Portada\",\"item\":\"https:\/\/www.byjoseraffo.com\/\"},{\"@type\":\"ListItem\",\"position\":2,\"name\":\"Servicios\"}]},{\"@type\":\"WebSite\",\"@id\":\"https:\/\/www.byjoseraffo.com\/#website\",\"url\":\"https:\/\/www.byjoseraffo.com\/\",\"name\":\"byjoseraffo\",\"description\":\"Peluquer&iacute;a masculina\",\"potentialAction\":[{\"@type\":\"SearchAction\",\"target\":{\"@type\":\"EntryPoint\",\"urlTemplate\":\"https:\/\/www.byjoseraffo.com\/?s={search_term_string}\"},\"query-input\":{\"@type\":\"PropertyValueSpecification\",\"valueRequired\":true,\"valueName\":\"search_term_string\"}}],\"inLanguage\":\"es\"}]}<\/script>\n<!-- \/ Yoast SEO plugin. -->","yoast_head_json":{"title":"Servicios - Nuestros Servicios \ud83d\udc4d","description":"Te ofrecemos diferentes servicios en Huelva para encontrar la mejor versi\u00f3n de ti, te ofrecemos una experiencia exclusiva","robots":{"index":"index","follow":"follow","max-snippet":"max-snippet:-1","max-image-preview":"max-image-preview:large","max-video-preview":"max-video-preview:-1"},"canonical":"https:\/\/www.byjoseraffo.com\/index.php\/servicios\/","og_locale":"es_ES","og_type":"article","og_title":"Servicios - Nuestros Servicios \ud83d\udc4d","og_description":"Te ofrecemos diferentes servicios en Huelva para encontrar la mejor versi\u00f3n de ti, te ofrecemos una experiencia exclusiva","og_url":"https:\/\/www.byjoseraffo.com\/index.php\/servicios\/","og_site_name":"byjoseraffo","article_modified_time":"2025-03-01T18:29:52+00:00","twitter_card":"summary_large_image","twitter_misc":{"Tiempo de lectura":"3 minutos"},"schema":{"@context":"https:\/\/schema.org","@graph":[{"@type":"WebPage","@id":"https:\/\/www.byjoseraffo.com\/index.php\/servicios\/","url":"https:\/\/www.byjoseraffo.com\/index.php\/servicios\/","name":"Servicios - Nuestros Servicios \ud83d\udc4d","isPartOf":{"@id":"https:\/\/www.byjoseraffo.com\/#website"},"datePublished":"2021-08-04T15:23:06+00:00","dateModified":"2025-03-01T18:29:52+00:00","description":"Te ofrecemos diferentes servicios en Huelva para encontrar la mejor versi\u00f3n de ti, te ofrecemos una experiencia exclusiva","breadcrumb":{"@id":"https:\/\/www.byjoseraffo.com\/index.php\/servicios\/#breadcrumb"},"inLanguage":"es","potentialAction":[{"@type":"ReadAction","target":["https:\/\/www.byjoseraffo.com\/index.php\/servicios\/"]}]},{"@type":"BreadcrumbList","@id":"https:\/\/www.byjoseraffo.com\/index.php\/servicios\/#breadcrumb","itemListElement":[{"@type":"ListItem","position":1,"name":"Portada","item":"https:\/\/www.byjoseraffo.com\/"},{"@type":"ListItem","position":2,"name":"Servicios"}]},{"@type":"WebSite","@id":"https:\/\/www.byjoseraffo.com\/#website","url":"https:\/\/www.byjoseraffo.com\/","name":"byjoseraffo","description":"Peluquer&iacute;a masculina","potentialAction":[{"@type":"SearchAction","target":{"@type":"EntryPoint","urlTemplate":"https:\/\/www.byjoseraffo.com\/?s={search_term_string}"},"query-input":{"@type":"PropertyValueSpecification","valueRequired":true,"valueName":"search_term_string"}}],"inLanguage":"es"}]}},"_links":{"self":[{"href":"https:\/\/www.byjoseraffo.com\/index.php\/wp-json\/wp\/v2\/pages\/114","targetHints":{"allow":["GET"]}}],"collection":[{"href":"https:\/\/www.byjoseraffo.com\/index.php\/wp-json\/wp\/v2\/pages"}],"about":[{"href":"https:\/\/www.byjoseraffo.com\/index.php\/wp-json\/wp\/v2\/types\/page"}],"author":[{"embeddable":true,"href":"https:\/\/www.byjoseraffo.com\/index.php\/wp-json\/wp\/v2\/users\/1"}],"replies":[{"embeddable":true,"href":"https:\/\/www.byjoseraffo.com\/index.php\/wp-json\/wp\/v2\/comments?post=114"}],"version-history":[{"count":42,"href":"https:\/\/www.byjoseraffo.com\/index.php\/wp-json\/wp\/v2\/pages\/114\/revisions"}],"predecessor-version":[{"id":601,"href":"https:\/\/www.byjoseraffo.com\/index.php\/wp-json\/wp\/v2\/pages\/114\/revisions\/601"}],"wp:attachment":[{"href":"https:\/\/www.byjoseraffo.com\/index.php\/wp-json\/wp\/v2\/media?parent=114"}],"curies":[{"name":"wp","href":"https:\/\/api.w.org\/{rel}","templated":true}]}}